
Is 935 a multiple of 7?
False
Is 16 a factor of 1715?
False
Is 3 a factor of 318?
True
Is 4120 a multiple of 9?
False
Does 7 divide 56?
True
Is 4 a factor of 564?
True
Is 2461 a multiple of 343?
False
Is 14048 a multiple of 4?
True
Is 40 a factor of 720?
True
Is 73 a factor of 19247?
False
Is 7168 a multiple of 112?
True
Does 14 divide 2716?
True
Does 124 divide 950?
False
Is 2002 a multiple of 14?
True
Is 39 a multiple of 39?
True
Does 13 divide 16358?
False
Does 3 divide 374?
False
Does 16 divide 32446?
False
Does 9 divide 504?
True
Does 12 divide 31512?
True
Is 91 a factor of 1666?
False
Is 1596 a multiple of 15?
False
Is 18 a factor of 15282?
True
Does 23 divide 667?
True
Is 6 a factor of 910?
False
Is 41 a factor of 281?
False
Is 38207 a multiple of 4?
False
Is 39406 a multiple of 45?
False
Does 6 divide 750?
True
Does 85 divide 6630?
True
Is 1376 a multiple of 102?
False
Does 16 divide 2112?
True
Is 3115 a multiple of 7?
True
Is 107 a factor of 27482?
False
Does 23 divide 177?
False
Is 1183 a multiple of 6?
False
Is 580 a multiple of 10?
True
Does 95 divide 5130?
True
Does 74 divide 23606?
True
Does 108 divide 23112?
True
Is 24743 a multiple of 109?
True
Is 3038 a multiple of 49?
True
Is 84 a factor of 5955?
False
Does 8 divide 3272?
True
Is 76932 a multiple of 36?
True
Is 52 a factor of 1018?
False
Is 97 a factor of 7760?
True
Does 25 divide 99837?
False
Is 228 a multiple of 6?
True
Is 1909 a multiple of 9?
False
Does 54 divide 1003?
False
Is 8 a factor of 2985?
False
Does 53 divide 24327?
True
Is 10 a factor of 41140?
True
Does 45 divide 9000?
True
Is 50 a factor of 1000?
True
Does 13 divide 559?
True
Is 7214 a multiple of 44?
False
Is 130 a multiple of 5?
True
Is 49 a factor of 1127?
True
Does 22 divide 2688?
False
Does 20 divide 11780?
True
Is 12 a factor of 31476?
True
Does 62 divide 1484?
False
Is 53250 a multiple of 125?
True
Does 41 divide 205?
True
Is 127 a factor of 4951?
False
Is 19 a factor of 9891?
False
Does 8 divide 604?
False
Is 13 a factor of 625?
False
Is 55 a factor of 48733?
False
Is 33 a factor of 198?
True
Does 30 divide 913?
False
Does 17 divide 272?
True
Does 23 divide 6075?
False
Does 70 divide 2940?
True
Does 71 divide 4686?
True
Is 3 a factor of 27?
True
Does 54 divide 14186?
False
Is 7 a factor of 10223?
False
Is 34 a factor of 3298?
True
Is 64464 a multiple of 34?
True
Is 9 a factor of 1764?
True
Is 340 a multiple of 4?
True
Is 987 a multiple of 47?
True
Does 12 divide 103?
False
Is 24 a factor of 26154?
False
Is 4 a factor of 21472?
True
Is 3294 a multiple of 6?
True
Is 466 a multiple of 5?
False
Does 109 divide 11370?
False
Is 104801 a multiple of 8?
False
Is 10 a factor of 5360?
True
Is 3565 a multiple of 16?
False
Is 314 a factor of 58718?
True
Is 10 a multiple of 5?
True
Is 3 a factor of 4656?
True
Is 106 a multiple of 53?
True
Is 657 a multiple of 14?
False
Does 22 divide 43002?
False
Does 122 divide 4392?
True
Is 42 a multiple of 2?
True
Does 16 divide 2664?
False
Does 58 divide 1671?
False
Does 189 divide 11473?
False
Is 66 a factor of 33858?
True
Is 5 a factor of 145?
True
Is 3124 a multiple of 44?
True
Does 11 divide 209?
True
Does 55 divide 6253?
False
Does 26 divide 14529?
False
Does 63 divide 10458?
True
Does 46 divide 874?
True
Is 141 a multiple of 3?
True
Is 30 a factor of 2389?
False
Is 21 a factor of 18186?
True
Does 12 divide 991?
False
Is 3996 a multiple of 18?
True
Is 3745 a multiple of 35?
True
Is 9 a factor of 9?
True
Is 12737 a multiple of 4?
False
Is 26 a factor of 3952?
True
Is 60 a factor of 31740?
True
Does 70 divide 56175?
False
Is 7261 a multiple of 17?
False
Is 12506 a multiple of 338?
True
Is 15 a multiple of 2?
False
Is 3 a factor of 253?
False
Is 56 a factor of 14056?
True
Is 580 a multiple of 29?
True
Does 113 divide 3503?
True
Does 36 divide 490?
False
Does 20 divide 448?
False
Is 42 a factor of 11760?
True
Is 32 a factor of 17610?
False
Is 23565 a multiple of 59?
False
Is 12782 a multiple of 22?
True
Is 379 a multiple of 17?
False
Is 44 a factor of 746?
False
Is 30 a factor of 36143?
False
Does 10 divide 214?
False
Is 1734 a multiple of 4?
False
Is 64 a factor of 1920?
True
Is 2 a factor of 37?
False
Does 5 divide 34224?
False
Is 46633 a multiple of 17?
False
Does 25 divide 34002?
False
Is 28577 a multiple of 2?
False
Is 225 a multiple of 12?
False
Is 27 a factor of 7641?
True
Is 51891 a multiple of 186?
False
Does 9 divide 6651?
True
Does 15 divide 142?
False
Does 16 divide 1472?
True
Is 2760 a multiple of 12?
True
Is 24130 a multiple of 254?
True
Is 11 a factor of 286?
True
Is 20 a factor of 11675?
False
Does 23 divide 492?
False
Does 20 divide 18209?
False
Is 624 a multiple of 52?
True
Does 275 divide 2475?
True
Is 100627 a multiple of 47?
True
Is 40 a factor of 400?
True
Is 1650 a multiple of 29?
False
Is 31 a factor of 682?
True
Is 684 a multiple of 36?
True
Does 90 divide 2700?
True
Is 52 a factor of 425?
False
Is 31 a factor of 961?
True
Is 11 a factor of 103?
False
Is 52 a factor of 1524?
False
Does 48 divide 4088?
False
Is 2 a factor of 107?
False
Is 170 a multiple of 17?
True
Is 1984 a multiple of 62?
True
Is 3 a factor of 1704?
True
Is 85037 a multiple of 279?
False
Is 142 a multiple of 8?
False
Is 708 a multiple of 6?
True
Is 360 a multiple of 3?
True
Is 61177 a multiple of 16?
False
Does 153 divide 30753?
True
Is 144 a multiple of 12?
True
Does 20 divide 4460?
True
Is 14 a factor of 2677?
False
Does 84 divide 5376?
True
Is 8 a factor of 197?
False
Is 54880 a multiple of 28?
True
Does 6 divide 67770?
True
Is 43 a factor of 9528?
False
Does 10 divide 100?
True
Does 5 divide 2100?
True
Does 74 divide 35190?
False
Does 20 divide 70?
False
Is 2301 a multiple of 8?
False
Is 7168 a multiple of 7?
True
Does 17 divide 148?
False
Does 25 divide 750?
True
Does 12 divide 36960?
True
Does 39 divide 17146?
False
Does 25 divide 871?
False
Does 298 divide 37250?
True
Is 672 a multiple of 32?
True
Does 22 divide 17952?
True
Is 6 a factor of 679?
False
Is 792 a multiple of 22?
True
Is 1636 a multiple of 10?
False
Is 141 a factor of 2325?
False
Is 16 a factor of 4912?
True
Does 25 divide 10100?
True
Does 4 divide 67?
False
Is 840 a multiple of 30?
True
Is 16 a factor of 2240?
True
Does 8 divide 19753?
False
Is 5 a factor of 405?
True
Is 203 a factor of 853?
False
Is 3457 a multiple of 6?
False
Is 39 a factor of 63384?
False
Does 29 divide 53?
False
Is 41 a factor of 2706?
True
Is 5161 a multiple of 21?
False
Does 24 divide 29997?
False
Does 21 divide 868?
False
Is 81 a multiple of 14?
False
Does 35 divide 735?
True
Does 66 divide 19161?
False
Is 17920 a multiple of 31?
False
Is 8 a factor of 1382?
False
Is 82 a factor of 46124?
False
Is 45 a factor of 9180?
True
Is 4 a factor of 632?
True
Is 459 a multiple of 3?
True
Is 13 a factor of 156?
True
Is 270 a multiple of 24?
False
Is 3 a factor of 9177?
True
Does 98 divide 1862?
True
Is 6005 a multiple of 21?
False
Does 124 divide 11204?
False
Is 856 a multiple of 4?
True
Is 100 a factor of 745?
False
Is 2546 a multiple of 19?
True
Is 2408 a multiple of 43?
True
Is 19 a factor of 399?
True
Is 1470 a multiple of 27?
False
Is 38 a factor of 6156?
True
Does 8 divide 25704?
True
Does 10 divide 4590?
True
Is 35 a factor of 4060?
True
Is 30 a factor of 1710?
True
Does 13 divide 1300?
True
Is 21 a factor of 14364?
True
Is 324 a multiple of 16?
False
Is 12 a factor of 717?
False
Is 2 a factor of 176?
True
Does 24 divide 4608?
True
Does 12 divide 13512?
True
Is 363 a multiple of 11?
True
Is 5873 a multiple of 14?
False
Is 3399 a multiple of 33?
True
Is 115721 a multiple of 220?
False
Is 1492 a multiple of 37?
False
Is 30 a factor of 149016?
False
Is 39 a factor of 138?
False
Does 25 divide 7150?
True
Does 30 divide 31560?
True
Is 88 a factor of 2905?
False
Is 1409 a multiple of 5?
False
Does 17 divide 612?
True
Does 25 divide 10191?
False
Is 47 a factor of 611?
True
Does 58 divide 1478?
False
Is 11 a multiple of 9?
False
Is 29 a factor of 377?
True
Is 18264 a multiple of 24?
True
Is 624 a multiple of 49?
False
Is 15 a multiple of 5?
True
Is 45 a factor of 810?
True
Is 136701 a multiple of 442?
False
Does 34 divide 238?
True
Is 3 a factor of 67?
False
Is 37883 a multiple of 24?
False
Does 11 divide 727?
False
Is 2707 a multiple of 13?
Fals